{"id":167,"date":"2014-11-18T22:15:56","date_gmt":"2014-11-18T21:15:56","guid":{"rendered":"http:\/\/www.hospiz-solingen.de\/wpn\/?page_id=167"},"modified":"2019-07-16T09:30:44","modified_gmt":"2019-07-16T07:30:44","slug":"leitbild_satzung","status":"publish","type":"page","link":"https:\/\/www.hospiz-solingen.de\/wpn\/leitbild_satzung\/","title":{"rendered":"Leitbild \/ Satzung"},"content":{"rendered":"\n<p><\/p>\n\n\n<p><em>&#8222;Da ist ein Land der Lebenden, und da ist ein Land der Toten \u2013 die Br\u00fccke zwischen<\/em><br \/><em>ihnen ist die Liebe.&#8220;<\/em><br \/>Thornton Wilder<\/p>\n<p>PHoS stellt in den Mittelpunkt seines Wirkens den schwerkranken und sterbenden Menschen und seine Angeh\u00f6rigen, denen wir in voller Anerkennung und Wertsch\u00e4tzung ihrer Einmaligkeit begegnen &#8211; unabh\u00e4ngig von Herkunft, Religion und Weltanschauung.<\/p>\n<p>Fachlich qualifizierte Ehrenamtliche und Hauptamtliche begleiten Sterbende und ihre Angeh\u00f6rigen mit dem Ziel der Erhaltung und Verbesserung der Lebensqualit\u00e4t in der Zeit des Abschiednehmens.<\/p>\n<p>Ehrenamtliche begleiten Trauernde; qualifizierte Fachkr\u00e4fte beraten in schwierigen Trauersituationen.<\/p>\n<p>Wir setzen uns in unserer Beratungs-, Bildungs- und Kulturarbeit daf\u00fcr ein, dass in der Gesellschaft das Bewusstsein w\u00e4chst, dass Sterben, Tod und Trauer zum Leben geh\u00f6ren.<\/p>\n<p>Grundlage unseres Handelns ist das christliche Menschenbild. Das bedeutet in diesem Zusammenhang:<\/p>\n<ul>\n<li>Es ist unsere \u00dcberzeugung, dass jeder Mensch ein einzigartiges von Gott geschaffenes, unverwechselbares Individuum ist.<\/li>\n<li>Jeder Mensch hat eine unverlierbare W\u00fcrde.<\/li>\n<li>Jeder Mensch hat ein Recht auf einen w\u00fcrdevollen Umgang, auf Zuwendung und Verst\u00e4ndnis sowie auf selbstbestimmte Entscheidung.<\/li>\n<\/ul>\n<p>In Anerkennung, dass Sterben Teil des Lebens ist, lehnen wir aktive Sterbehilfe ab. Wir wirken gesellschaftlichen Tendenzen, T\u00f6tung auf Verlangen zu legalisieren, durch eine Perspektive der F\u00fcrsorge und des solidarischen Miteinanders entgegen.<\/p>\n<p>Unser prim\u00e4res Anliegen ist die ambulante Unterst\u00fctzung des Sterbenden und seiner Angeh\u00f6rigen zu Hause. Dort begleiten Ehrenamtliche und beraten Fachkr\u00e4fte in allen Fragen der Palliativversorgung.<\/p>\n<p>Wenn die Situation es erfordert, bieten wir in unserem station\u00e4ren Hospiz qualifizierte Pflege und hospizliche Begleitung nach Grunds\u00e4tzen der PalliativeCare an.<\/p>\n<p>Wir engagieren uns vernetzt mit vielen Berufsgruppen, damit die Situation Sterbender und ihrer Angeh\u00f6rigen sowie Trauernder m\u00f6glichst in allen Dimensionen wahrgenommen werden kann.<\/p>\n<p>Wir wollen anwaltschaftliche Vertretung der Patienten, Angeh\u00f6rigen und Trauernden sein.<\/p>\n<p>Wir f\u00f6rdern hospizlich-palliative Kultur in allen Einrichtungen, in denen Pflege und Begleitung Sterbender eine Bedeutung haben.<\/p>\n<p>Wir sorgen f\u00fcr eine fortw\u00e4hrende \u00dcberpr\u00fcfung und F\u00f6rderung der Qualit\u00e4t unserer Arbeit, die auf Wissen, F\u00e4higkeiten und einer sachdienlichen Grundhaltung beruht. Darin eingeschlossen ist die stetige Fortbildung der Mitarbeitenden.<\/p>\n<p>Wir bem\u00fchen uns mit den uns zur Verf\u00fcgung stehenden Ressourcen sorgf\u00e4ltig, umweltgerecht und ethisch verantwortlich umzugehen. Wir sind uns bewusst, dass unser Engagement von Spendern und F\u00f6rderern getragen ist.<\/p>\n<p>Wir sind uns unserer Endlichkeit bewusst und achten daher auf Anzeichen von eigener Ersch\u00f6pfung beim Umgang mit Sterben und Tod. Mit unseren Werten und unseren Standpunkten setzen wir uns immer aufs Neue auseinander.<\/p>\n<p>Wir sind Mitglied im Deutschen Hospiz- und Palliativverband und akzeptieren dessen Leits\u00e4tze. Wir sind Unterzeichner der \u201eCharta zur Betreuung schwerstkranker und sterbender Menschen in Deutschland\u201c.<\/p>\n<p>Stand: 2011<\/p>\n<p><strong>Satzung<\/strong><\/p>\n<p><a href=\"https:\/\/www.hospiz-solingen.de\/wpn\/wp-content\/uploads\/2017\/12\/Satzung-EF-MV-2017.pdf\">Satzung aktuelle Fassung 2017<\/a><\/p>","protected":false},"excerpt":{"rendered":"<p>&#8222;Da ist ein Land der Lebenden, und da ist ein Land der Toten \u2013 die Br\u00fccke zwischenihnen ist die Liebe.&#8220;Thornton Wilder PHoS stellt in den Mittelpunkt seines Wirkens den schwerkranken und sterbenden Menschen und seine Angeh\u00f6rigen, denen wir in voller<\/p>\n","protected":false},"author":1,"featured_media":0,"parent":0,"menu_order":0,"comment_status":"closed","ping_status":"closed","template":"","meta":{"footnotes":""},"class_list":["post-167","page","type-page","status-publish","hentry"],"_links":{"self":[{"href":"https:\/\/www.hospiz-solingen.de\/wpn\/wp-json\/wp\/v2\/pages\/167","targetHints":{"allow":["GET"]}}],"collection":[{"href":"https:\/\/www.hospiz-solingen.de\/wpn\/wp-json\/wp\/v2\/pages"}],"about":[{"href":"https:\/\/www.hospiz-solingen.de\/wpn\/wp-json\/wp\/v2\/types\/page"}],"author":[{"embeddable":true,"href":"https:\/\/www.hospiz-solingen.de\/wpn\/wp-json\/wp\/v2\/users\/1"}],"replies":[{"embeddable":true,"href":"https:\/\/www.hospiz-solingen.de\/wpn\/wp-json\/wp\/v2\/comments?post=167"}],"version-history":[{"count":12,"href":"https:\/\/www.hospiz-solingen.de\/wpn\/wp-json\/wp\/v2\/pages\/167\/revisions"}],"predecessor-version":[{"id":912,"href":"https:\/\/www.hospiz-solingen.de\/wpn\/wp-json\/wp\/v2\/pages\/167\/revisions\/912"}],"wp:attachment":[{"href":"https:\/\/www.hospiz-solingen.de\/wpn\/wp-json\/wp\/v2\/media?parent=167"}],"curies":[{"name":"wp","href":"https:\/\/api.w.org\/{rel}","templated":true}]}}